k = 120. What is the highest common divisor of 2 and k?
2
Let v be (-112)/(0 - 1)*1. What is the highest common divisor of v and 16?
16
Suppose 2*n + 0*x - 24 = x, -4*n + 40 = 2*x. Calculate the highest common factor of 33 and n.
11
Let n = -4 + 8. Let z(r) = 16*r + 2. Let q be z(n). What is the greatest common factor of q and 44?
22
Let z be 2 + (339 - 6/3). Let f = z - 220. What is the highest common divisor of f and 17?
17
Suppose s - 16 = -2*u, 100 = 5*s + 4*u + u. What is the greatest common divisor of 3 and s?
3
Let b(h) = 15*h. Let k = -6 + 10. Let g be b(k). Calculate the greatest common divisor of 24 and g.
12
Let b be (1/((-9)/(-6)))/((-8)/(-228)). What is the greatest common factor of 152 and b?
19
Let t be (-6)/(1 + -4) - -2*3. What is the highest common factor of 64 and t?
8
Let l(s) = s**3 - s**2 + s + 16. Let r(c) = -c + 5. Let b be r(5). Let x be l(b). Let p be x/6*30/4. Calculate the highest common divisor of 10 and p.
10
Let t = 95 - 84. Calculate the highest common factor of t and 88.
11
Let k be ((-99)/1)/(-3) + -3. Calculate the highest common divisor of k and 10.
10
Suppose 0 = -2*d + 3*r + 9, -4*r - 2 - 10 = -2*d. Suppose l + 4 = d, 3*m - 5 = -2*l - 1. What is the greatest common factor of 4 and m?
4
Let h = -73 - -128. Suppose 12 = 3*z + 3*l, -z - 2*z - l + 14 = 0. Calculate the greatest common factor of z and h.
5
Let a(o) = -7*o + 1. Let g be a(-1). Let u(n) = n**3 - 6*n**2 - 11*n. Suppose 4*d + d - 40 = 0. Let k be u(d). Calculate the greatest common factor of g and k.
8
Let n(v) = v**2 + 4*v - 2. Let y be n(-4). Let l be y - (-1 - (4 - 1)). Let k be 2/(-1) - (-74)/l. What is the highest common factor of k and 5?
5
Let z be (-4)/10 + -1 + (-228)/(-20). What is the highest common factor of z and 10?
10
Let a be (-4)/14 - 330/(-77). Suppose -3*t = -2*m - 61, -t + 4*t - 71 = a*m. Calculate the greatest common factor of t and 17.
17
Suppose 4*g - 183 = g. Let j = g + -34. Suppose 0 = -415*a + 420*a - 45. Calculate the greatest common factor of j and a.
9
Let k(q) = q**2 + 16*q + 14. Let g be k(-16). Calculate the highest common divisor of g and 35.
7
Let j be (0 - -1) + (11 - (4 - 4)). Let q(u) = 10*u - 2. Let o be q(2). Calculate the greatest common factor of j and o.
6
Let v be 2/(-17) + (-4302)/(-153). Let p be 2*(v/8 - 3). What is the greatest common factor of p and 7?
1
Suppose -k = -2*k + 54. Let h = k - 21. What is the highest common factor of h and 22?
11
Let j = 37 - 24. Suppose 4*w - 392 = 24. Calculate the highest common divisor of j and w.
13
Let f = -5 - -10. Let v = 1 - -1. Suppose v*h - 246 = -5*c, -f*c + 0*h + 237 = -h. What is the highest common factor of 12 and c?
12
Let f(x) = -x**2 + x + 4. Let d be f(0). Let m be d/(4/73) + -3. What is the greatest common factor of m and 14?
14
Let b(a) = -5*a. Let z be b(-1). Calculate the greatest common factor of 2 and z.
1
Let j(s) = s - 3. Let d be j(9). Let p(g) = -g**3 + 4*g**2 - g + 4. Let i be p(4). Let w be 6 + (-2 + 2 - i). What is the highest common divisor of w and d?
6
Let g = 2 + 2. Suppose g*h + 2 = -10, 3*b = 3*h + 36. Calculate the highest common factor of b and 9.
9
Let t = -57 - -117. Let n = t + -28. Calculate the greatest common divisor of n and 32.
32
Let f = 22 + -31. Let b be 6/4*(-42)/f. What is the highest common factor of b and 14?
7
Let p = 7 + -7. Suppose -h - q + 4 = 0, h + 4*q = -p*q + 13. Calculate the greatest common divisor of 11 and h.
1
Let z be (195/156)/(2/32). Suppose 176 = 2*d - 184. Calculate the greatest common factor of z and d.
20
Let s(f) = f**2 - 2*f + 3. Let p be s(0). Suppose -4*c + 9 + p = 0. What is the greatest common factor of 12 and c?
3
Let l(y) = 4*y + 4. Let v be l(5). Let h = 10 + -7. Suppose -8*j + h*j + 80 = 0. What is the highest common divisor of j and v?
8
Suppose 4*z - 64 = -0*z. Let f = -8 + z. Let y = f + -6. What is the greatest common factor of y and 22?
2
Suppose 0 = 3*o + 2*o - 15. Let s be (-1)/(3/(-6 - 0)). Suppose -o*m - s*r = -19, -4*m + 49 = m - r. Calculate the highest common divisor of 72 and m.
9
Let c(n) = n**2 - 7*n + 9. Let p be c(6). Suppose -k + p*l = -51, -4*l + 8*l - 79 = -k. Calculate the highest common divisor of k and 7.
7
Let y = -17 + 27. Let m be 0 + 9/6*2. Suppose 23 = 3*s + 4*r, m*s - 2 = -2*r + 17. Calculate the highest common factor of y and s.
5
Let d be -1 + 3/9*3. Suppose 3*x = -d*x - 3*j - 93, x + 2*j + 32 = 0. Let z = x - -46. Calculate the greatest common divisor of z and 2.
2
Let q = 70 + 10. Suppose -5*c = 4*v + 326, -3*v - v = -4*c - 232. Let k = c + 94. What is the greatest common divisor of k and q?
16
Suppose 3*h = 6*h - 3. Let d(m) = 10*m**2 - m. Let s be d(h). Calculate the greatest common divisor of s and 99.
9
Suppose 4*i = 27 - 7. What is the greatest common divisor of i and 55?
5
Let n(x) = -x**3 - 10*x**2 - 9*x + 4. Let d be n(-9). What is the highest common divisor of d and 28?
4
Let r = 3 - 1. Suppose 0 = r*p + 5 - 79. Let t = p + -20. Calculate the greatest common factor of 34 and t.
17
Suppose 0 = d - 2*m - 156 + 4, -3*m + 132 = d. Calculate the greatest common factor of 16 and d.
16
Let l be -14*(-20)/(15/3). What is the highest common factor of l and 14?
14
Let u(t) = t**3 + 5*t**2 - t - 7. Let d be u(-5). Let b = d - -59. Calculate the greatest common divisor of 19 and b.
19
Let x(m) = -m**2 + 13*m - 7. Let g be x(11). Calculate the highest common factor of g and 30.
15
Let r(k) = k**2 + 2*k - 1. Let w be r(-3). Suppose -53 = -5*h - w*f - 10, 0 = 3*f + 3. Calculate the highest common divisor of 27 and h.
9
Suppose 0 = 8*p - 13*p + 280. Calculate the highest common factor of 14 and p.
14
Suppose 0 = 5*g - 3*c + 3 - 20, -4*c = 3*g + 13. Let v be -1 - (-26 - -1)*g. Calculate the highest common divisor of v and 36.
12
Let o(h) = 9*h + 5. Let q(u) = -26*u - 14. Let l(w) = -17*o(w) - 6*q(w). Let t be l(1). Suppose 2*c = -t*c + 12. What is the highest common factor of 27 and c?
3
Let t(d) = d**2 + 3*d + 7. Let l be (1/2)/(4/(-40)). Let z be t(l). What is the highest common factor of z and 51?
17
Let r = -41 - -50. What is the highest common divisor of r and 36?
9
Let s(g) = g + 5. Let t be s(-5). Let p = t + 2. Suppose 5*o - p*o + 4*f - 28 = 0, 5*o + 3*f = 54. Calculate the highest common factor of 18 and o.
6
Let x(j) = j**3 - 2*j**2 - 9*j - 6. Let a be x(5). What is the greatest common divisor of a and 24?
24
Suppose 35 - 2 = -3*t + 3*a, 5*t - a + 47 = 0. Let v be ((-78)/t)/(2/3). Suppose -3*w + 184 = -128. What is the highest common divisor of w and v?
13
Suppose 0 = -0*s - 2*s + 24. Calculate the highest common divisor of s and 84.
12
Let m = 17 + -15. What is the greatest common divisor of m and 2?
2
Suppose 0 = 2*z + 2 - 0. Let p = 4 + z. Suppose -63 = -0*t - 3*t. What is the greatest common divisor of p and t?
3
Suppose 2*i = 98 + 82. Suppose 4 + 2 = 2*z. Suppose z*h - 2 = 28. What is the highest common factor of i and h?
10
Let n = -113 + 234. Calculate the highest common factor of n and 11.
11
Let c be (-1 + (-6)/(-10))*5. Let o = 25 - c. Suppose -3*a + 6*a = o. Calculate the highest common factor of a and 9.
9
Let d = 51 + -36. Suppose 3*z + 5*h + 0*h + 611 = 0, 4*z + 3*h = -811. Let c = z - -367. What is the greatest common divisor of c and d?
15
Suppose -4*z + 55 = z. Let d = 15 + -15. Let w be (d - -10) + 3/3. Calculate the greatest common factor of w and z.
11
Let o be (-2 + -2)/(-2) + -11. Let x = o - -11. Suppose -x*q - 5*n + 15 = 0, -n - 18 = -2*q + q. What is the greatest common factor of q and 15?
15
Let h be (-76)/(-57)*3*1. Suppose 0 = 5*m + 5 - 25. Suppose h*f = k + 3 + 13, -m*f = -20. What is the highest common divisor of 1 and k?
1
Suppose 0 = -2*w - 4*b + 82, w + 96 = 4*w - 3*b. Suppose -70 = -f - 63. What is the highest common factor of f and w?
7
Suppose -n + 185 = 4*n. Suppose 3*h - n = -3*z - 1, 5*z + 3*h = 52. What is the highest common factor of z and 72?
8
Suppose -26 = 4*c + o - 3*o, -2*c - 22 = -4*o. Let a be (-3)/(-15) + (-269)/c. Calculate the greatest common divisor of 18 and a.
18
Suppose 9 = 2*i - 3. Suppose -m + z + z - 11 = 0, -3*m - 3*z - i = 0. Let o(c) = c**2 + 3*c + 1. Let s be o(m). What is the greatest common divisor of 1 and s?
1
Let q(z) = -1 - 4*z + z - 8*z. Let j be q(-6). Calculate the greatest comm